r of 336 and 222?
6
What is the greatest common divisor of 3 and 1170?
3
What is the greatest common factor of 2810 and 55?
5
What is the highest common divisor of 1005 and 2655?
15
Calculate the greatest common factor of 1377 and 272.
17
What is the greatest common factor of 2850 and 60?
30
What is the greatest common factor of 180 and 108?
36
Calculate the highest common divisor of 292 and 219.
73
What is the greatest common factor of 32 and 288?
32
What is the highest common factor of 31 and 1519?
31
Calculate the highest common divisor of 2345 and 105.
35
Calculate the highest common divisor of 152 and 19.
19
What is the greatest common factor of 440 and 16?
8
What is the greatest common factor of 105 and 36015?
105
What is the highest common divisor of 17 and 85?
17
Calculate the greatest common factor of 200 and 775.
25
What is the greatest common divisor of 9 and 144?
9
Calculate the greatest common factor of 2907 and 18.
9
Calculate the highest common divisor of 23161 and 106.
53
What is the greatest common divisor of 70 and 20?
10
What is the greatest common divisor of 207 and 27?
9
Calculate the highest common factor of 108 and 24.
12
What is the greatest common divisor of 387 and 1118?
43
What is the greatest common factor of 663 and 286?
13
Calculate the greatest common divisor of 1 and 43.
1
What is the highest common divisor of 5928 and 228?
228
Calculate the highest common divisor of 48 and 744.
24
What is the greatest common divisor of 26 and 650?
26
What is the greatest common divisor of 71 and 639?
71
What is the highest common factor of 658 and 8?
2
Calculate the greatest common divisor of 15 and 345.
15
Calculate the highest common divisor of 90 and 60.
30
Calculate the highest common factor of 21 and 12306.
21
What is the greatest common factor of 2060 and 100?
20
Calculate the highest common factor of 384 and 6.
6
What is the highest common factor of 60 and 40?
20
What is the highest common factor of 252 and 1644?
12
Calculate the highest common divisor of 3009 and 561.
51
What is the highest common factor of 900 and 1850?
50
What is the highest common factor of 161 and 105?
7
Calculate the highest common divisor of 53 and 3.
1
Calculate the greatest common factor of 59 and 6549.
59
Calculate the greatest common divisor of 5 and 255.
5
What is the greatest common divisor of 308 and 28?
28
What is the highest common factor of 1909 and 83?
83
What is the highest common factor of 1830 and 90?
30
What is the highest common factor of 42 and 1988?
14
What is the highest common factor of 2530 and 440?
110
What is the greatest common factor of 24 and 237?
3
Calculate the highest common factor of 152 and 2014.
38
What is the greatest common factor of 104 and 632?
8
What is the highest common divisor of 1963 and 13?
13
What is the greatest common factor of 3832 and 8?
8
What is the highest common divisor of 4 and 152?
4
Calculate the greatest common divisor of 12530 and 358.
358
Calculate the highest common divisor of 217 and 2573.
31
Calculate the highest common factor of 20 and 116.
4
Calculate the greatest common factor of 7245 and 5.
5
What is the highest common factor of 85 and 80?
5
Calculate the highest common divisor of 156 and 650.
26
What is the highest common divisor of 29 and 173623?
29
What is the greatest common factor of 6611 and 22?
11
Calculate the highest common factor of 45 and 40.
5
What is the highest common factor of 5032 and 136?
136
Calculate the greatest common factor of 5 and 19255.
5
What is the greatest common factor of 28 and 350?
14
What is the greatest common divisor of 99 and 9?
9
Calculate the highest common factor of 481 and 91.
13
Calculate the highest common divisor of 1273 and 1809.
67
What is the greatest common divisor of 50 and 1050?
50
Calculate the highest common factor of 70 and 98.
14
Calculate the highest common divisor of 6888 and 8.
8
Calculate the greatest common divisor of 2976 and 144.
48
What is the highest common factor of 9412 and 52?
52
What is the greatest common divisor of 486 and 864?
54
Calculate the highest common divisor of 16 and 1464.
8
What is the highest common divisor of 1140 and 120?
60
Calculate the highest common factor of 16 and 5548.
4
What is the greatest common divisor of 116 and 29?
29
What is the highest common divisor of 22 and 506?
22
What is the greatest common factor of 18980 and 10?
10
What is the highest common divisor of 671 and 88?
11
What is the greatest common factor of 125 and 6275?
25
What is the greatest common divisor of 4473 and 63?
63
Calculate the highest common divisor of 1767 and 1140.
57
What is the highest common factor of 6 and 2?
2
Calculate the highest common factor of 692 and 20.
4
What is the greatest common factor of 1280 and 80?
80
What is the highest common factor of 2369 and 69?
23
What is the greatest common divisor of 21142 and 33?
11
What is the greatest common factor of 76 and 1558?
38
Calculate the highest common divisor of 208 and 442.
26
What is the highest common divisor of 91 and 273?
91
What is the greatest common divisor of 49 and 28?
7
Calculate the highest common divisor of 120 and 30.
30
What is the greatest common divisor of 12 and 177?
3
Calculate the greatest common divisor of 1749 and 33.
33
What is the highest common factor of 540 and 12744?
108
What is the highest common factor of 86 and 43?
43
Calculate the greatest common factor of 73 and 19345.
73
Calculate the greatest common divisor of 20 and 11810.
10
What is the highest common factor of 22 and 88?
22
What is the greatest common factor of 208 and 338?
26
Calculate the highest common factor of 49 and 77.
7
What is the highest common divisor of 1598 and 170?
34
Calculate the greatest common factor of 173 and 2.
1
Calculate the highest common factor of 272 and 8.
8
Calculate the highest common factor of 575 and 50.
25
What is the greatest common factor of 1956 and 12?
12
Calculate the highest common divisor of 1472 and 24.
8
Calculate the greatest common divisor of 12 and 2316.
12
What is the greatest common factor of 5292 and 216?
108
Calculate the highest common divisor of 30 and 1340.
10
Calculate the highest common factor of 64 and 1280.
64
Calculate the greatest common divisor of 54 and 1107.
27
Calculate the highest common divisor of 714 and 126.
42
What is the highest common factor of 171 and 456?
57
What is the highest common factor of 169 and 2?
1
Calculate the greatest common divisor of 429 and 1248.
39
Calculate the greatest common divisor of 16 and 36.
4
What is the greatest common factor of 1 and 4?
1
What is the greatest common divisor of 111 and 276?
3
Calculate the greatest common factor of 1 and 24.
1
Calculate the greatest common factor of 754 and 26.
26
What is the highest common factor of 195 and 845?
65
Calculate the highest common divisor of 23 and 437.
23
What is the greatest common divisor of 949 and 146?
73
What is the highest common factor of 2414 and 34?
34
What is the highest common divisor of 61 and 793?
61
Calculate the highest common divisor of 28 and 15946.
14
Calculate the greatest common divisor of 9141 and 33.
33
What is the greatest common factor of 893 and 141?
47
What is the highest common factor of 1742 and 201?
67
What is the highest common divisor of 3 and 69?
3
What is the highest common divisor of 125 and 1400?
25
What is the greatest common divisor of 13 and 169?
13
What is the greatest common divisor of 187 and 51?
17
What is the highest common factor of 221 and 13?
13
Calculate the highest common divisor of 4 and 76.
4
What is the highest common factor of 384 and 316?
4
What is the greatest common divisor of 231 and 429?
33
What is the greatest common factor of 3445 and 1855?
265
What is the highest common factor of 35 and 5?
5
What is the highest common factor of 413 and 531?
59
Calculate the greatest common divisor of 182 and 14.
14
Calculate the greatest common divisor of 1862 and 196.
98
What is the highest common factor of 3731 and 91?
91
Calculate the greatest common factor of 112 and 152.
8
Calculate the greatest common factor of 486 and 36.
18
Calculate the greatest common divisor of 174 and 261.
87
What is the highest common factor of 108 and 44?
4
Calculate the highest common factor of 4400 and 22